{"id":618,"date":"2025-09-12T12:03:59","date_gmt":"2025-09-12T12:03:59","guid":{"rendered":"https:\/\/nof.dnac.org\/2025\/?page_id=618"},"modified":"2025-09-12T13:30:16","modified_gmt":"2025-09-12T13:30:16","slug":"joint-workshop-program","status":"publish","type":"page","link":"https:\/\/nof.dnac.org\/2025\/joint-workshop-program\/","title":{"rendered":"Joint Workshop: WORM &amp; NextGen-VC Program"},"content":{"rendered":"\t\t<div data-elementor-type=\"wp-page\" data-elementor-id=\"618\" class=\"elementor elementor-618\">\n\t\t\t\t<div class=\"elementor-element elementor-element-b43efe0 e-grid e-con-boxed e-con e-parent\" data-id=\"b43efe0\" data-element_type=\"container\">\n\t\t\t\t\t<div class=\"e-con-inner\">\n\t\t<div class=\"elementor-element elementor-element-573c923 e-con-full e-flex e-con e-child\" data-id=\"573c923\" data-element_type=\"container\">\n\t\t\t\t<div class=\"elementor-element elementor-element-d85396d elementor-widget elementor-widget-text-editor\" data-id=\"d85396d\" data-element_type=\"widget\" data-widget_type=\"text-editor.default\">\n\t\t\t\t\t\t\t\t\t<h2><b><i>Joint Workshop: WORM &amp; NextGen-VC<\/i><\/b><\/h2>\t\t\t\t\t\t\t\t<\/div>\n\t\t\t\t<div class=\"elementor-element elementor-element-ba9d7c2 programTitleTD eael-table-align-center eael-dt-th-align-left elementor-widget elementor-widget-eael-data-table\" data-id=\"ba9d7c2\" data-element_type=\"widget\" data-widget_type=\"eael-data-table.default\">\n\t\t\t\t\t\t\t<div class=\"eael-data-table-wrap\" data-table_id=\"ba9d7c2\" id=\"eael-data-table-wrapper-ba9d7c2\" data-custom_responsive=\"false\">\n\t\t\t<table class=\"tablesorter eael-data-table center\" id=\"eael-data-table-ba9d7c2\">\n\t\t\t    <thead>\n\t\t\t        <tr class=\"table-header\">\n\t\t\t\t\t\t\t\t\t            <th class=\"\" id=\"\" colspan=\"3\">\n\t\t\t\t\t\t\t\t\t\t\t\t\t\t<span class=\"data-table-header-text\">Day #1: September 30, 2025<\/span><\/th>\n\t\t\t        \t\t\t\t        <\/tr>\n\t\t\t    <\/thead>\n\t\t\t  \t<tbody>\n\t\t\t\t\t\t\t\t\t\t\t<tr>\n\t\t\t\t\t\t\t\t\t\t\t\t\t\t\t\t   \t\t\t\t\t\t\t\t\t\t\t<td colspan=\"\" rowspan=\"\" class=\"progCol1\" id=\"\">\n\t\t\t\t\t\t\t\t\t\t\t\t<div class=\"td-content-wrapper\"><div class=\"td-content\">\n\t\t\t\t\t\t\t\t\t\t\t\t\t13:30 &#8211; 15:00\n\t\t\t\t\t\t\t\t\t\t\t\t<\/div><\/div>\n\t\t\t\t\t\t\t\t\t\t\t<\/td>\n\t\t\t\t\t\t\t\t\t\t\t\t\t\t\t\t\t\t\t\t\t\t\t\t\t\t\t\t\t   \t\t\t\t\t\t\t\t\t\t\t<td colspan=\"\" rowspan=\"\" class=\"progCol2\" id=\"\">\n\t\t\t\t\t\t\t\t\t\t\t\t<div class=\"td-content-wrapper\"><div class=\"td-content\">\n\t\t\t\t\t\t\t\t\t\t\t\t\t<p class=\"has-inline-color has-vivid-cyan-blue-color\"><a><b><i>Keynote: Designing &amp; deploying Smarter IoT Systems: Practical Edge Computing with RFID<\/i><\/b><\/a><\/p><p><strong>Abstract:<\/strong> <em>The main objective of this speech is to explore edge computing applications using IoT systems. For this purpose, participants will gain hands-on experience with the core components of an RFID system, including how they design, configure, deploy, and operate an IoT application.<\/em><\/p><p><em>A key part of the workshop will be a real-world scenario where an RFID reader with edge processing capabilities is fully set up and demonstrated. Through this scenario, participants will clearly observe the difference between centralized and edge-based processing, as well as how edge computing can significantly enhance efficiency, responsiveness, and system scalability.<\/em><\/p><p><em>In addition, attendees will learn the fundamental design principles and key criteria for building IoT systems that leverage edge computing \u2014 including considerations related to data capture, data flow, data hosting, and integration with back-end systems.<\/em><\/p><br \/><p><strong>Speakers:<\/strong>\u00a0<\/p><br \/><div class=\"row listeCommitee\"><div class=\"col-lg-12\"><img decoding=\"async\" src=\"https:\/\/nof.dnac.org\/2025\/wp-content\/uploads\/2025\/09\/samad.jpg\" class=\"img-rounded imageCommitee\" alt=\"Samad Rostampour - NoF 2025\"><p><b>Samad Rostampour<\/b><br>(Universit\u00e9 du Qu\u00e9bec \u00e0 Montr\u00e9al, Canada)<\/p><\/div><\/div><br \/><p><strong>Bio: <em>Samad Rostampour<\/em><\/strong><em>\u00a0is a professor in the Computer Science Department at Vanier College and the IT Director of the IoT Lab at the Universit\u00e9 du Qu\u00e9bec \u00e0 Montr\u00e9al (UQAM). <\/em><\/p><p><em>He holds a Ph.D. in the security of RFID systems and completed his postdoctoral research on designing efficient IoT architectures. His work bridges academic research and industry applications, with a strong focus on secure, scalable, and innovative IoT solutions. Over the past decade, Dr. Rostampour has led and contributed to projects in diverse sectors, including industry, healthcare, and retail, addressing challenges in real-time data collection, sensor networks, and edge computing. <\/em><\/p><p><em>His expertise spans IoT system design, RFID technology, authentication protocols, and secure data transmission. He is an active trainer and speaker at international events such as RFID Journal Live, where he shares insights on emerging IoT technologies and their practical deployment. <\/em><\/p><p><em>Passionate about education, he has developed and taught courses in networking and IoT systems, inspiring students to combine theoretical knowledge with hands-on skills. Dr. Rostampour\u2019s current research focuses on integrating IoT with cloud and AI technologies to create intelligent, secure, and efficient systems that address real-world needs. <\/em><\/p><p><em>For more information about him, please visit\u00a0<a href=\"http:\/\/www.samadrostampour.com\/\">http:\/\/www.samadrostampour.com<\/a>.<\/em><\/p><br \/><div class=\"row listeCommitee\"><div class=\"col-lg-12\"><img decoding=\"async\" src=\"https:\/\/nof.dnac.org\/2025\/wp-content\/uploads\/2025\/09\/ygal.jpg\" class=\"img-rounded imageCommitee\" alt=\"Ygal Bendavid - NoF 2025\"><p><b>Ygal Bendavid<\/b><br>(Universit\u00e9 du Qu\u00e9bec \u00e0 Montr\u00e9al, Canada)<\/p><\/div><\/div><br \/><p><strong>Bio:<em> <a href=\"https:\/\/professeurs.uqam.ca\/professeur\/bendavid.ygal\/\">Ygal Bendavid<\/a><\/em><\/strong><em>\u00a0is a professor in operations management at UQAM\u2019s (Universit\u00e9 du Qu\u00e9bec \u00e0 Montr\u00e9al) School of Management (ESG), and director of the Internet of Things (IoT) Lab. <\/em><\/p><p><em>He is a recognized specialist in RFID and IoT technologies, with extensive experience deploying applied research labs and contributing to operational and supply chain innovations.<\/em><\/p>\t\t\t\t\t\t\t\t\t\t\t\t<\/div><\/div>\n\t\t\t\t\t\t\t\t\t\t\t<\/td>\n\t\t\t\t\t\t\t\t\t\t\t\t\t\t\t\t\t\t\t\t\t\t\t\t\t\t<\/tr>\n\t\t\t        \t\t\t\t\t\t<tr>\n\t\t\t\t\t\t\t\t\t\t\t\t\t\t\t\t   \t\t\t\t\t\t\t\t\t\t\t<td colspan=\"\" rowspan=\"\" class=\"progCol1\" id=\"\">\n\t\t\t\t\t\t\t\t\t\t\t\t<div class=\"td-content-wrapper\"><div class=\"td-content\">\n\t\t\t\t\t\t\t\t\t\t\t\t\t15:00 &#8211; 15:30\n\t\t\t\t\t\t\t\t\t\t\t\t<\/div><\/div>\n\t\t\t\t\t\t\t\t\t\t\t<\/td>\n\t\t\t\t\t\t\t\t\t\t\t\t\t\t\t\t\t\t\t\t\t\t\t\t\t\t\t\t\t   \t\t\t\t\t\t\t\t\t\t\t<td colspan=\"2\" rowspan=\"\" class=\"progCol2\" id=\"\">\n\t\t\t\t\t\t\t\t\t\t\t\t<div class=\"td-content-wrapper\"><div class=\"td-content\">\n\t\t\t\t\t\t\t\t\t\t\t\t\tCoffee Break\t\t\t\t\t\t\t\t\t\t\t\t<\/div><\/div>\n\t\t\t\t\t\t\t\t\t\t\t<\/td>\n\t\t\t\t\t\t\t\t\t\t\t\t\t\t\t\t\t\t\t\t\t\t\t\t\t\t<\/tr>\n\t\t\t        \t\t\t\t\t\t<tr>\n\t\t\t\t\t\t\t\t\t\t\t\t\t\t\t\t   \t\t\t\t\t\t\t\t\t\t\t<td colspan=\"\" rowspan=\"\" class=\"progCol1\" id=\"\">\n\t\t\t\t\t\t\t\t\t\t\t\t<div class=\"td-content-wrapper\"><div class=\"td-content\">\n\t\t\t\t\t\t\t\t\t\t\t\t\t15:30 &#8211; 17:00\n\t\t\t\t\t\t\t\t\t\t\t\t<\/div><\/div>\n\t\t\t\t\t\t\t\t\t\t\t<\/td>\n\t\t\t\t\t\t\t\t\t\t\t\t\t\t\t\t\t\t\t\t\t\t\t\t\t\t\t\t\t   \t\t\t\t\t\t\t\t\t\t\t<td colspan=\"\" rowspan=\"\" class=\"progCol2\" id=\"\">\n\t\t\t\t\t\t\t\t\t\t\t\t<div class=\"td-content-wrapper\"><div class=\"td-content\">\n\t\t\t\t\t\t\t\t\t\t\t\t\t<p class=\"has-inline-color has-vivid-cyan-blue-color\"><b><i>Technical Session<\/i><\/b><\/p><ul><li><strong>Decision-Making Strategies for Edge Computing to Optimize Wireless Communication in Local 5G Environments<\/strong><br \/>Shoma Yasuda (Tohoku University &amp; Graduate School of Information Sciences, Japan), Go Hasegawa (Tohoku University, Japan)<\/li><\/ul><p><em><br \/><\/em><\/p><ul><li><strong>UAV-Specific Threat Detection with the ADVENT Framework<\/strong><br \/>Hamideh Baharlouei (Dalhousie University, Canada), Adetokunbo Makanju (New York Institute of Technology &#8211; Vancouver, Canada), Nur Zincir-Heywood (Dalhousie University, Canada)<\/li><\/ul><p><em><br \/><\/em><\/p><ul><li><strong>Smart Encryption: A Novel Hybrid Approach to Selectively Encrypt Medical Images.<\/strong><br \/>Mohamed A. Hafez (University of Ontario Institute of Technology, Canada), Hyon Lee (Ontario tech University, Canada), Khalid Abdel Hafeez (OntarioTech University &amp; Toronto Metropolitan University, Canada)<\/li><\/ul>\t\t\t\t\t\t\t\t\t\t\t\t<\/div><\/div>\n\t\t\t\t\t\t\t\t\t\t\t<\/td>\n\t\t\t\t\t\t\t\t\t\t\t\t\t\t\t\t\t\t\t\t\t\t\t\t\t\t<\/tr>\n\t\t\t        \t\t\t\t\t\t<tr>\n\t\t\t\t\t\t\t\t\t\t\t\t\t\t\t\t   \t\t\t\t\t\t\t\t\t\t\t<td colspan=\"\" rowspan=\"\" class=\"progCol1\" id=\"\">\n\t\t\t\t\t\t\t\t\t\t\t\t<div class=\"td-content-wrapper\"><div class=\"td-content\">\n\t\t\t\t\t\t\t\t\t\t\t\t\t17:00\n\t\t\t\t\t\t\t\t\t\t\t\t<\/div><\/div>\n\t\t\t\t\t\t\t\t\t\t\t<\/td>\n\t\t\t\t\t\t\t\t\t\t\t\t\t\t\t\t\t\t\t\t\t\t\t\t\t\t\t\t\t   \t\t\t\t\t\t\t\t\t\t\t<td colspan=\"2\" rowspan=\"\" class=\"progCol2\" id=\"\">\n\t\t\t\t\t\t\t\t\t\t\t\t<div class=\"td-content-wrapper\"><div class=\"td-content\">\n\t\t\t\t\t\t\t\t\t\t\t\t\tClosing Ceremony\t\t\t\t\t\t\t\t\t\t\t\t<\/div><\/div>\n\t\t\t\t\t\t\t\t\t\t\t<\/td>\n\t\t\t\t\t\t\t\t\t\t\t\t\t\t\t\t\t\t\t\t\t\t\t\t\t\t<\/tr>\n\t\t\t        \t\t\t    <\/tbody>\n\t\t\t<\/table>\n\t\t<\/div>\n\t  \t\t\t\t\t<\/div>\n\t\t\t\t<\/div>\n\t\t\t\t\t<\/div>\n\t\t\t\t<\/div>\n\t\t\t\t<\/div>\n\t\t","protected":false},"excerpt":{"rendered":"<p>Joint Workshop: WORM &amp; NextGen-VC Day &hellip; <a href=\"https:\/\/nof.dnac.org\/2025\/joint-workshop-program\/\">Continue reading <span class=\"meta-nav\">&rarr;<\/span><\/a><\/p>\n","protected":false},"author":1,"featured_media":0,"parent":0,"menu_order":0,"comment_status":"closed","ping_status":"closed","template":"","meta":{"footnotes":""},"class_list":["post-618","page","type-page","status-publish","hentry"],"yoast_head":"<!-- This site is optimized with the Yoast SEO plugin v26.0 - https:\/\/yoast.com\/wordpress\/plugins\/seo\/ -->\n<title>Joint Workshop: WORM &amp; NextGen-VC Program - NoF 2025<\/title>\n<meta name=\"robots\" content=\"index, follow, max-snippet:-1, max-image-preview:large, max-video-preview:-1\" \/>\n<link rel=\"canonical\" href=\"https:\/\/nof.dnac.org\/2025\/joint-workshop-program\/\" \/>\n<meta property=\"og:locale\" content=\"en_US\" \/>\n<meta property=\"og:type\" content=\"article\" \/>\n<meta property=\"og:title\" content=\"Joint Workshop: WORM &amp; NextGen-VC Program - NoF 2025\" \/>\n<meta property=\"og:description\" content=\"Joint Workshop: WORM &amp; NextGen-VC Day &hellip; Continue reading &rarr;\" \/>\n<meta property=\"og:url\" content=\"https:\/\/nof.dnac.org\/2025\/joint-workshop-program\/\" \/>\n<meta property=\"og:site_name\" content=\"NoF 2025\" \/>\n<meta property=\"article:modified_time\" content=\"2025-09-12T13:30:16+00:00\" \/>\n<meta property=\"og:image\" content=\"https:\/\/nof.dnac.org\/2025\/wp-content\/uploads\/2025\/09\/samad.jpg\" \/>\n<meta name=\"twitter:card\" content=\"summary_large_image\" \/>\n<meta name=\"twitter:label1\" content=\"Est. reading time\" \/>\n\t<meta name=\"twitter:data1\" content=\"3 minutes\" \/>\n<script type=\"application\/ld+json\" class=\"yoast-schema-graph\">{\"@context\":\"https:\/\/schema.org\",\"@graph\":[{\"@type\":\"WebPage\",\"@id\":\"https:\/\/nof.dnac.org\/2025\/joint-workshop-program\/\",\"url\":\"https:\/\/nof.dnac.org\/2025\/joint-workshop-program\/\",\"name\":\"Joint Workshop: WORM &amp; NextGen-VC Program - NoF 2025\",\"isPartOf\":{\"@id\":\"https:\/\/nof.dnac.org\/2025\/#website\"},\"primaryImageOfPage\":{\"@id\":\"https:\/\/nof.dnac.org\/2025\/joint-workshop-program\/#primaryimage\"},\"image\":{\"@id\":\"https:\/\/nof.dnac.org\/2025\/joint-workshop-program\/#primaryimage\"},\"thumbnailUrl\":\"https:\/\/nof.dnac.org\/2025\/wp-content\/uploads\/2025\/09\/samad.jpg\",\"datePublished\":\"2025-09-12T12:03:59+00:00\",\"dateModified\":\"2025-09-12T13:30:16+00:00\",\"breadcrumb\":{\"@id\":\"https:\/\/nof.dnac.org\/2025\/joint-workshop-program\/#breadcrumb\"},\"inLanguage\":\"en-US\",\"potentialAction\":[{\"@type\":\"ReadAction\",\"target\":[\"https:\/\/nof.dnac.org\/2025\/joint-workshop-program\/\"]}]},{\"@type\":\"ImageObject\",\"inLanguage\":\"en-US\",\"@id\":\"https:\/\/nof.dnac.org\/2025\/joint-workshop-program\/#primaryimage\",\"url\":\"https:\/\/nof.dnac.org\/2025\/wp-content\/uploads\/2025\/09\/samad.jpg\",\"contentUrl\":\"https:\/\/nof.dnac.org\/2025\/wp-content\/uploads\/2025\/09\/samad.jpg\",\"width\":415,\"height\":433},{\"@type\":\"BreadcrumbList\",\"@id\":\"https:\/\/nof.dnac.org\/2025\/joint-workshop-program\/#breadcrumb\",\"itemListElement\":[{\"@type\":\"ListItem\",\"position\":1,\"name\":\"Home\",\"item\":\"https:\/\/nof.dnac.org\/2025\/\"},{\"@type\":\"ListItem\",\"position\":2,\"name\":\"Joint Workshop: WORM &amp; NextGen-VC Program\"}]},{\"@type\":\"WebSite\",\"@id\":\"https:\/\/nof.dnac.org\/2025\/#website\",\"url\":\"https:\/\/nof.dnac.org\/2025\/\",\"name\":\"16th International Conference on Network of the Future\",\"description\":\"16th International Conference on Network of the Future\",\"publisher\":{\"@id\":\"https:\/\/nof.dnac.org\/2025\/#organization\"},\"potentialAction\":[{\"@type\":\"SearchAction\",\"target\":{\"@type\":\"EntryPoint\",\"urlTemplate\":\"https:\/\/nof.dnac.org\/2025\/?s={search_term_string}\"},\"query-input\":{\"@type\":\"PropertyValueSpecification\",\"valueRequired\":true,\"valueName\":\"search_term_string\"}}],\"inLanguage\":\"en-US\"},{\"@type\":\"Organization\",\"@id\":\"https:\/\/nof.dnac.org\/2025\/#organization\",\"name\":\"16th International Conference on Network of the Future\",\"url\":\"https:\/\/nof.dnac.org\/2025\/\",\"logo\":{\"@type\":\"ImageObject\",\"inLanguage\":\"en-US\",\"@id\":\"https:\/\/nof.dnac.org\/2025\/#\/schema\/logo\/image\/\",\"url\":\"https:\/\/nof.dnac.org\/2025\/wp-content\/uploads\/2024\/12\/cropped-NoF_logo.png\",\"contentUrl\":\"https:\/\/nof.dnac.org\/2025\/wp-content\/uploads\/2024\/12\/cropped-NoF_logo.png\",\"width\":500,\"height\":500,\"caption\":\"16th International Conference on Network of the Future\"},\"image\":{\"@id\":\"https:\/\/nof.dnac.org\/2025\/#\/schema\/logo\/image\/\"}}]}<\/script>\n<!-- \/ Yoast SEO plugin. -->","yoast_head_json":{"title":"Joint Workshop: WORM &amp; NextGen-VC Program - NoF 2025","robots":{"index":"index","follow":"follow","max-snippet":"max-snippet:-1","max-image-preview":"max-image-preview:large","max-video-preview":"max-video-preview:-1"},"canonical":"https:\/\/nof.dnac.org\/2025\/joint-workshop-program\/","og_locale":"en_US","og_type":"article","og_title":"Joint Workshop: WORM &amp; NextGen-VC Program - NoF 2025","og_description":"Joint Workshop: WORM &amp; NextGen-VC Day &hellip; Continue reading &rarr;","og_url":"https:\/\/nof.dnac.org\/2025\/joint-workshop-program\/","og_site_name":"NoF 2025","article_modified_time":"2025-09-12T13:30:16+00:00","og_image":[{"url":"https:\/\/nof.dnac.org\/2025\/wp-content\/uploads\/2025\/09\/samad.jpg","type":"","width":"","height":""}],"twitter_card":"summary_large_image","twitter_misc":{"Est. reading time":"3 minutes"},"schema":{"@context":"https:\/\/schema.org","@graph":[{"@type":"WebPage","@id":"https:\/\/nof.dnac.org\/2025\/joint-workshop-program\/","url":"https:\/\/nof.dnac.org\/2025\/joint-workshop-program\/","name":"Joint Workshop: WORM &amp; NextGen-VC Program - NoF 2025","isPartOf":{"@id":"https:\/\/nof.dnac.org\/2025\/#website"},"primaryImageOfPage":{"@id":"https:\/\/nof.dnac.org\/2025\/joint-workshop-program\/#primaryimage"},"image":{"@id":"https:\/\/nof.dnac.org\/2025\/joint-workshop-program\/#primaryimage"},"thumbnailUrl":"https:\/\/nof.dnac.org\/2025\/wp-content\/uploads\/2025\/09\/samad.jpg","datePublished":"2025-09-12T12:03:59+00:00","dateModified":"2025-09-12T13:30:16+00:00","breadcrumb":{"@id":"https:\/\/nof.dnac.org\/2025\/joint-workshop-program\/#breadcrumb"},"inLanguage":"en-US","potentialAction":[{"@type":"ReadAction","target":["https:\/\/nof.dnac.org\/2025\/joint-workshop-program\/"]}]},{"@type":"ImageObject","inLanguage":"en-US","@id":"https:\/\/nof.dnac.org\/2025\/joint-workshop-program\/#primaryimage","url":"https:\/\/nof.dnac.org\/2025\/wp-content\/uploads\/2025\/09\/samad.jpg","contentUrl":"https:\/\/nof.dnac.org\/2025\/wp-content\/uploads\/2025\/09\/samad.jpg","width":415,"height":433},{"@type":"BreadcrumbList","@id":"https:\/\/nof.dnac.org\/2025\/joint-workshop-program\/#breadcrumb","itemListElement":[{"@type":"ListItem","position":1,"name":"Home","item":"https:\/\/nof.dnac.org\/2025\/"},{"@type":"ListItem","position":2,"name":"Joint Workshop: WORM &amp; NextGen-VC Program"}]},{"@type":"WebSite","@id":"https:\/\/nof.dnac.org\/2025\/#website","url":"https:\/\/nof.dnac.org\/2025\/","name":"16th International Conference on Network of the Future","description":"16th International Conference on Network of the Future","publisher":{"@id":"https:\/\/nof.dnac.org\/2025\/#organization"},"potentialAction":[{"@type":"SearchAction","target":{"@type":"EntryPoint","urlTemplate":"https:\/\/nof.dnac.org\/2025\/?s={search_term_string}"},"query-input":{"@type":"PropertyValueSpecification","valueRequired":true,"valueName":"search_term_string"}}],"inLanguage":"en-US"},{"@type":"Organization","@id":"https:\/\/nof.dnac.org\/2025\/#organization","name":"16th International Conference on Network of the Future","url":"https:\/\/nof.dnac.org\/2025\/","logo":{"@type":"ImageObject","inLanguage":"en-US","@id":"https:\/\/nof.dnac.org\/2025\/#\/schema\/logo\/image\/","url":"https:\/\/nof.dnac.org\/2025\/wp-content\/uploads\/2024\/12\/cropped-NoF_logo.png","contentUrl":"https:\/\/nof.dnac.org\/2025\/wp-content\/uploads\/2024\/12\/cropped-NoF_logo.png","width":500,"height":500,"caption":"16th International Conference on Network of the Future"},"image":{"@id":"https:\/\/nof.dnac.org\/2025\/#\/schema\/logo\/image\/"}}]}},"_links":{"self":[{"href":"https:\/\/nof.dnac.org\/2025\/wp-json\/wp\/v2\/pages\/618","targetHints":{"allow":["GET"]}}],"collection":[{"href":"https:\/\/nof.dnac.org\/2025\/wp-json\/wp\/v2\/pages"}],"about":[{"href":"https:\/\/nof.dnac.org\/2025\/wp-json\/wp\/v2\/types\/page"}],"author":[{"embeddable":true,"href":"https:\/\/nof.dnac.org\/2025\/wp-json\/wp\/v2\/users\/1"}],"replies":[{"embeddable":true,"href":"https:\/\/nof.dnac.org\/2025\/wp-json\/wp\/v2\/comments?post=618"}],"version-history":[{"count":18,"href":"https:\/\/nof.dnac.org\/2025\/wp-json\/wp\/v2\/pages\/618\/revisions"}],"predecessor-version":[{"id":647,"href":"https:\/\/nof.dnac.org\/2025\/wp-json\/wp\/v2\/pages\/618\/revisions\/647"}],"wp:attachment":[{"href":"https:\/\/nof.dnac.org\/2025\/wp-json\/wp\/v2\/media?parent=618"}],"curies":[{"name":"wp","href":"https:\/\/api.w.org\/{rel}","templated":true}]}}